{"id":1168,"date":"2022-06-08T20:42:02","date_gmt":"2022-06-08T20:42:02","guid":{"rendered":"https:\/\/jgrepresentaciones.com.co\/home\/index.php\/producto\/micropilote-88-9-x-7-1-mm-tramo-de-lnea-3mts-roscado-macho-hembra-de-4-hilos\/"},"modified":"2022-06-10T10:21:52","modified_gmt":"2022-06-10T15:21:52","slug":"micropilote-88-9-x-7-1-mm-tramo-de-lnea-3mts-roscado-macho-hembra-de-4-hilos","status":"publish","type":"product","link":"https:\/\/jgrepresentaciones.com.co\/home\/index.php\/producto\/micropilote-88-9-x-7-1-mm-tramo-de-lnea-3mts-roscado-macho-hembra-de-4-hilos\/","title":{"rendered":"PARAGUAS DE MICROPILOTE O ENFILAJES"},"content":{"rendered":"<p align=\"justify\">Los\u00a0<strong>paraguas<\/strong>,\u00a0<strong>tambi\u00e9n denominados enfilajes<\/strong>, se emplean fundamentalmente en obras subterr\u00e1neas, tanto en obra civil como en miner\u00eda para el<strong>\u00a0emboquille de t\u00faneles<\/strong>.<\/p>\n<p align=\"justify\">Este elemento de soporte est\u00e1 dise\u00f1ado para ser utilizado en suelos y macizos rocosos de mala calidad, aportando consistencia al terreno de forma inmediata.<\/p>\n<p align=\"justify\">La rotaci\u00f3n y la percusi\u00f3n se aplica a la\u00a0<strong>CORONA<\/strong>, quedando la\u00a0<strong>ZAPATA<\/strong>, a la cual est\u00e1 soldado el tubo de inicio, libre. Esto permite que la tuber\u00eda no gire y por lo tanto las necesidades de par en el cabezal de rotaci\u00f3n son mucho menores.<\/p>\n","protected":false},"excerpt":{"rendered":"<p align=\"justify\">Los\u00a0<strong>paraguas<\/strong>\u00a0de\u00a0<strong>micropilotes <\/strong>est\u00e1n formados por tubos de acero de primera calidad que van desde\u00a0<strong>76.1 mm hasta 139.7 mm<\/strong>\u00a0de di\u00e1metro con espesores que oscilan entre los\u00a0<strong>5.6 y 10 mm.\u00a0<\/strong>Nuestras\u00a0<strong>CORONAS <\/strong>est\u00e1n dise\u00f1adAs para <strong>optimizar los rendimientos en la perforaci\u00f3n.<\/strong><\/p>\n<p align=\"justify\">Los tubos se suministran en largos a medida con roscas normales o de doble entrada para disminuir el tiempo de instalaci\u00f3n y con entrada gu\u00eda de 8 mm para facilitar una correcta alineaci\u00f3n en el proceso de montaje.<\/p>\n<p>Tipos de productos<\/p>\n<table width=\"562\">\n<tbody>\n<tr>\n<td width=\"562\">MICROB-01 Tubo Micropilote de inicio 88,9 x 3000<\/td>\n<\/tr>\n<tr>\n<td>MICROB-02 Tubo Micropilote de seguimiento 88,9 x 3000<\/td>\n<\/tr>\n<tr>\n<td>MICROS-02 Micropilote 88.9 x 7.1 mm \u2013 Tramo de l\u00ednea 3mts. Roscado macho \u2013 hembra de 4 hilos.<\/td>\n<\/tr>\n<\/tbody>\n<\/table>\n<p>&nbsp;<\/p>\n","protected":false},"featured_media":1524,"template":"","meta":[],"product_cat":[21],"product_tag":[],"class_list":{"0":"post-1168","1":"product","2":"type-product","3":"status-publish","4":"has-post-thumbnail","5":"hentry","6":"product_cat-arcos-de-entibacion-y-enfilajes","8":"entry","9":"has-media","10":"owp-thumbs-layout-horizontal","11":"owp-btn-normal","12":"owp-tabs-layout-section","13":"has-product-nav"},"_links":{"self":[{"href":"https:\/\/jgrepresentaciones.com.co\/home\/index.php\/wp-json\/wp\/v2\/product\/1168","targetHints":{"allow":["GET"]}}],"collection":[{"href":"https:\/\/jgrepresentaciones.com.co\/home\/index.php\/wp-json\/wp\/v2\/product"}],"about":[{"href":"https:\/\/jgrepresentaciones.com.co\/home\/index.php\/wp-json\/wp\/v2\/types\/product"}],"wp:featuredmedia":[{"embeddable":true,"href":"https:\/\/jgrepresentaciones.com.co\/home\/index.php\/wp-json\/wp\/v2\/media\/1524"}],"wp:attachment":[{"href":"https:\/\/jgrepresentaciones.com.co\/home\/index.php\/wp-json\/wp\/v2\/media?parent=1168"}],"wp:term":[{"taxonomy":"product_cat","embeddable":true,"href":"https:\/\/jgrepresentaciones.com.co\/home\/index.php\/wp-json\/wp\/v2\/product_cat?post=1168"},{"taxonomy":"product_tag","embeddable":true,"href":"https:\/\/jgrepresentaciones.com.co\/home\/index.php\/wp-json\/wp\/v2\/product_tag?post=1168"}],"curies":[{"name":"wp","href":"https:\/\/api.w.org\/{rel}","templated":true}]}}